e 172788?
True
Does 4 divide 48144?
True
Does 36 divide 2429064?
True
Is 32226 a multiple of 262?
True
Does 18 divide 5079256?
False
Is 22 a factor of 660814?
True
Does 150 divide 7810800?
True
Is 48 a factor of 2424000?
True
Does 12 divide 58011?
False
Does 801 divide 993240?
True
Is 23436 a multiple of 36?
True
Is 823 a factor of 444212?
False
Is 258014 a multiple of 4?
False
Does 51 divide 7427?
False
Is 225709 a multiple of 5?
False
Is 744560 a multiple of 328?
True
Does 264 divide 1913562?
False
Is 8 a factor of 365520?
True
Does 27 divide 174339?
True
Is 23 a factor of 1991501?
True
Is 404872 a multiple of 458?
True
Does 537 divide 1823115?
True
Does 106 divide 547335?
False
Does 6 divide 44922?
True
Is 211092 a multiple of 49?
True
Is 8572072 a multiple of 101?
True
Is 72504 a multiple of 4?
True
Does 14 divide 86478?
True
Is 1717881 a multiple of 11?
True
Does 37 divide 101121?
True
Does 32 divide 4009760?
True
Is 37 a factor of 6648049?
True
Is 2835302 a multiple of 915?
False
Is 17 a factor of 1302166?
True
Is 1272 a factor of 12982488?
False
Is 125 a factor of 6425787?
False
Is 3500527 a multiple of 751?
False
Is 2148228 a multiple of 218?
False
Is 141 a factor of 832323?
True
Is 935466 a multiple of 4?
False
Is 57875 a multiple of 38?
False
Is 46 a factor of 436862?
True
Is 4987198 a multiple of 64?
False
Does 360 divide 16200360?
True
Is 36 a factor of 5750892?
True
Is 1727232 a multiple of 312?
True
Does 50 divide 129800?
True
Does 205 divide 2986179?
False
Is 693 a multiple of 77?
True
Is 70 a factor of 64872?
False
Is 36 a factor of 188136?
True
Does 153 divide 173349?
True
Is 499 a factor of 3167250?
False
Is 10579128 a multiple of 14?
True
Does 739 divide 8288624?
True
Is 8 a factor of 77600?
True
Is 36 a factor of 1130292?
True
Is 487917 a multiple of 3?
True
Is 58 a factor of 12934?
True
Is 398711 a multiple of 50?
False
Does 33 divide 233230?
False
Does 2 divide 55184?
True
Is 13 a factor of 227216?
False
Does 2 divide 2269820?
True
Does 16 divide 1157600?
True
Is 142466 a multiple of 36?
False
Does 186 divide 620320?
False
Is 67 a factor of 1003325?
True
Is 87632 a multiple of 8?
True
Is 9230 a multiple of 71?
True
Does 54 divide 74196?
True
Does 84 divide 2398178?
False
Does 177 divide 6609180?
True
Is 215 a factor of 172430?
True
Is 28 a factor of 165350?
False
Is 1834933 a multiple of 51?
False
Is 13 a factor of 1200702?
False
Is 135504 a multiple of 9?
True
Is 2 a factor of 396387?
False
Does 45 divide 135720?
True
Does 13 divide 279500?
True
Does 20 divide 13820900?
True
Is 5 a factor of 2247295?
True
Is 448783 a multiple of 39?
False
Does 6 divide 109296?
True
Does 6 divide 23851?
False
Does 13 divide 3749458?
False
Is 981881 a multiple of 423?
False
Is 230 a factor of 567956?
False
Is 421 a factor of 1292367?
False
Does 43 divide 33376?
False
Is 410111 a multiple of 9?
False
Is 1243578 a multiple of 7?
True
Is 27 a factor of 182699?
False
Does 13 divide 9031772?
False
Does 27 divide 107042?
False
Is 126 a factor of 38304?
True
Is 4 a factor of 8161260?
True
Is 127078 a multiple of 14?
True
Is 931804 a multiple of 284?
True
Does 96 divide 404678?
False
Is 640 a factor of 1619223?
False
Is 6 a factor of 5645136?
True
Is 342304 a multiple of 32?
True
Does 13 divide 424073?
True
Is 56 a factor of 329617?
False
Is 80109 a multiple of 9?
True
Is 152138 even?
True
Is 258 a factor of 558828?
True
Is 17 a factor of 2895313?
False
Is 67 a factor of 321198?
True
Is 41 a factor of 34636?
False
Does 4 divide 29972?
True
Does 242 divide 110368?
False
Does 62 divide 64031?
False
Does 179 divide 127448?
True
Does 70 divide 4160578?
False
Is 9 a factor of 282992?
False
Does 19 divide 1023872?
True
Is 597 a factor of 5044915?
False
Is 44 a factor of 227574?
False
Is 223 a factor of 589166?
True
Is 28 a factor of 62319?
False
Is 504 a factor of 2199456?
True
Is 4535943 a multiple of 237?
True
Is 2781437 a multiple of 18?
False
Is 3814314 a multiple of 221?
False
Does 9 divide 244271?
False
Is 417 a multiple of 10?
False
Is 69 a factor of 161127?
False
Is 195525 a multiple of 25?
True
Does 53 divide 88433?
False
Does 63 divide 37533?
False
Is 985 a factor of 3343317?
False
Is 75276 a multiple of 161?
False
Is 31 a factor of 10480728?
True
Does 64 divide 99904?
True
Does 199 divide 1771434?
False
Is 136985 a multiple of 3?
False
Is 14573 a multiple of 38?
False
Is 839257 a multiple of 48?
False
Is 202 a factor of 1921828?
True
Is 446106 a multiple of 225?
False
Is 852459 a multiple of 29?
False
Does 192 divide 71616?
True
Is 11 a factor of 53046?
False
Is 1008 a factor of 4059851?
False
Is 2593396 a multiple of 14?
False
Does 1529 divide 8758112?
True
Does 89 divide 31239?
True
Does 26 divide 295542?
True
Does 15 divide 193995?
True
Is 6 a factor of 148479?
False
Is 12 a factor of 123891?
False
Does 408 divide 350050?
False
Is 172865 a multiple of 77?
True
Is 62 a factor of 924172?
True
Is 1585 a multiple of 5?
True
Does 16 divide 4513463?
False
Is 204858 a multiple of 171?
True
Is 6 a factor of 215002?
False
Is 364866 a multiple of 125?
False
Is 98 a factor of 9132?
False
Is 229294 a multiple of 51?
False
Is 19305 a multiple of 55?
True
Is 81949 a multiple of 8?
False
Does 272 divide 406634?
False
Is 4 a factor of 83335?
False
Is 524552 a multiple of 76?
True
Is 14326686 a multiple of 5?
False
Is 3569071 a multiple of 15?
False
Does 4 divide 4300?
True
Is 92042 a multiple of 2?
True
Is 178949 a multiple of 149?
True
Does 3 divide 2499745?
False
Does 35 divide 2019885?
True
Does 21 divide 29178?
False
Is 17 a factor of 408293?
False
Is 43 a factor of 20806253?
False
Is 5025225 a multiple of 25?
True
Is 12 a factor of 47832?
True
Does 13 divide 11971?
False
Is 51 a factor of 3503304?
False
Does 77 divide 1090628?
True
Does 31 divide 624545?
False
Is 655 a factor of 22048020?
False
Is 383838 a multiple of 34?
False
Is 6 a factor of 259014?
True
Is 13 a factor of 8808?
False
Is 6 a factor of 544957?
False
Does 1775 divide 9872550?
True
Is 90 a factor of 2115180?
True
Is 20878 a multiple of 73?
True
Does 5 divide 105795?
True
Is 1136875 a multiple of 463?
False
Is 87 a factor of 821479?
False
Is 20 a factor of 338199?
False
Is 20251473 a multiple of 19?
True
Does 106 divide 2034458?
True
Is 1683520 a multiple of 320?
True
Is 43 a factor of 728581?
False
Is 1931140 a multiple of 12?
False
Is 30 a factor of 15754?
False
Is 742 a factor of 1240383?
False
Is 91 a factor of 1678040?
True
Does 13 divide 216866?
True
Is 2402762 a multiple of 164?
False
Does 15 divide 1771485?
True
Is 1403505 a multiple of 90?
False
Is 16841 a multiple of 11?
True
Is 6184117 a multiple of 432?
False
Is 14 a factor of 29442?
True
Is 752394 a multiple of 216?
False
Is 19 a factor of 2410473?
True
Is 206080 a multiple of 56?
True
Does 737 divide 1455575?
True
Is 67828 a multiple of 7?
False
Is 6 a factor of 5030616?
True
Is 58096 a multiple of 4?
True
Does 415 divide 355655?
True
Is 3873516 a multiple of 492?
True
Is 1663 a multiple of 3?
False
Does 5 divide 1707535?
True
Is 5 a factor of 87144?
False
Is 17950 a multiple of 10?
True
Does 93 divide 112437?
True
Is 209 a factor of 328966?
True
Is 165620 a multiple of 26?
True
Does 120 divide 19128000?
True
Is 150066 a multiple of 73?
False
Does 17 divide 29852?
True
Is 101145 a multiple of 33?
True
Is 192932 even?
True
Is 218237 a multiple of 105?
False
Is 21263935 a multiple of 67?
False
Is 118 a factor of 2456760?
True
Is 16256917 a multiple of 610?
False
Is 3426400 a multiple of 16?
True
Is 316 a factor of 8116752?
False
Does 188 divide 947896?
True
Is 38040 a multiple of 24?
True
Is 159 a factor of 32061?
False
Is 321288 a multiple of 123?
False
Is 225478 a multiple of 18?
False
Does 11 divide 609609?
True
Does 111 divide 1950048?
True
Is 398503 a multiple of 26?
False
Does 112 divide 300832?
True
Is 3533580 a multiple of 268?
True
Is 81 a factor of 9128214?
True
Is 7072178 a multiple of 23?
True
Is 432817 a multiple of 691?
False
Is 1463279 a multiple of 9?
False
Is 11 a factor of 12000?
False
Does 9 divide 19335671?
False
Is 18 a factor of 149100?
False
Is 10333665 a multiple of 21?
False
Is 20 a factor of 644100?
True
Is 9 a factor of 8141?
False
Is 124128 a multiple of 4?
True
Does 166 divide 2373966?
True